ded by 292?
6
Calculate the remainder when 230798 is divided by 107.
106
Calculate the remainder when 9623 is divided by 210.
173
Calculate the remainder when 76675 is divided by 1824.
67
Calculate the remainder when 2186 is divided by 849.
488
Calculate the remainder when 213454 is divided by 3.
1
What is the remainder when 4632 is divided by 34?
8
Calculate the remainder when 7777 is divided by 601.
565
Calculate the remainder when 133564 is divided by 51.
46
What is the remainder when 535 is divided by 206?
123
Calculate the remainder when 8296 is divided by 14.
8
Calculate the remainder when 5043 is divided by 79.
66
Calculate the remainder when 370728 is divided by 91.
85
Calculate the remainder when 2541 is divided by 111.
99
Calculate the remainder when 98139 is divided by 33.
30
Calculate the remainder when 375799 is divided by 286.
281
Calculate the remainder when 4924 is divided by 14.
10
Calculate the remainder when 195247 is divided by 25.
22
What is the remainder when 808 is divided by 253?
49
What is the remainder when 2847 is divided by 1302?
243
What is the remainder when 2893 is divided by 454?
169
Calculate the remainder when 156747 is divided by 1984.
11
Calculate the remainder when 103669 is divided by 66.
49
What is the remainder when 8277 is divided by 88?
5
What is the remainder when 238805 is divided by 159?
146
What is the remainder when 18804 is divided by 62?
18
What is the remainder when 4471 is divided by 194?
9
Calculate the remainder when 1164 is divided by 147.
135
Calculate the remainder when 3063 is divided by 219.
216
What is the remainder when 30597 is divided by 3767?
461
What is the remainder when 30622 is divided by 96?
94
What is the remainder when 424485 is divided by 227?
222
What is the remainder when 1298 is divided by 41?
27
What is the remainder when 3856 is divided by 382?
36
What is the remainder when 365162 is divided by 116?
110
Calculate the remainder when 2708 is divided by 28.
20
What is the remainder when 12197 is divided by 394?
377
Calculate the remainder when 13158 is divided by 6579.
0
Calculate the remainder when 4623 is divided by 420.
3
What is the remainder when 3709 is divided by 14?
13
What is the remainder when 47237 is divided by 2624?
5
What is the remainder when 22322 is divided by 1594?
6
What is the remainder when 1247768 is divided by 10?
8
Calculate the remainder when 14821 is divided by 206.
195
Calculate the remainder when 95862 is divided by 92.
90
Calculate the remainder when 6511 is divided by 39.
37
What is the remainder when 8929 is divided by 62?
1
Calculate the remainder when 60316 is divided by 580.
576
What is the remainder when 52682 is divided by 677?
553
Calculate the remainder when 20688 is divided by 975.
213
What is the remainder when 1066 is divided by 134?
128
What is the remainder when 2853 is divided by 7?
4
What is the remainder when 3224 is divided by 129?
128
What is the remainder when 158173 is divided by 79027?
119
Calculate the remainder when 317280 is divided by 15863.
20
What is the remainder when 52967 is divided by 42?
5
Calculate the remainder when 39759 is divided by 2838.
27
What is the remainder when 197170 is divided by 440?
50
What is the remainder when 4025 is divided by 793?
60
Calculate the remainder when 83684 is divided by 53.
50
Calculate the remainder when 2190 is divided by 285.
195
Calculate the remainder when 7707 is divided by 437.
278
Calculate the remainder when 342149 is divided by 10.
9
What is the remainder when 824 is divided by 176?
120
Calculate the remainder when 45429 is divided by 103.
6
Calculate the remainder when 7851 is divided by 465.
411
What is the remainder when 4161 is divided by 21?
3
Calculate the remainder when 9835 is divided by 345.
175
What is the remainder when 987 is divided by 27?
15
What is the remainder when 146672 is divided by 34?
30
What is the remainder when 29458 is divided by 30?
28
What is the remainder when 15200 is divided by 1295?
955
Calculate the remainder when 34676 is divided by 8649.
80
Calculate the remainder when 561 is divided by 33.
0
What is the remainder when 28111 is divided by 284?
279
Calculate the remainder when 22142 is divided by 34.
8
What is the remainder when 5654 is divided by 148?
30
Calculate the remainder when 113559 is divided by 931.
908
What is the remainder when 19527 is divided by 155?
152
What is the remainder when 286 is divided by 6?
4
What is the remainder when 17386 is divided by 63?
61
What is the remainder when 1762743 is divided by 38?
37
What is the remainder when 5199 is divided by 15?
9
What is the remainder when 4435 is divided by 24?
19
What is the remainder when 84446 is divided by 104?
102
Calculate the remainder when 14377 is divided by 14343.
34
Calculate the remainder when 117657 is divided by 39218.
3
Calculate the remainder when 17001 is divided by 4250.
1
What is the remainder when 567931 is divided by 164?
163
Calculate the remainder when 132131 is divided by 577.
575
Calculate the remainder when 636 is divided by 49.
48
What is the remainder when 111244 is divided by 55619?
6
Calculate the remainder when 156971 is divided by 489.
2
What is the remainder when 672451 is divided by 1276?
1275
What is the remainder when 80022 is divided by 274?
14
What is the remainder when 300044 is divided by 71?
69
What is the remainder when 7302 is divided by 7286?
16
What is the remainder when 572525 is divided by 306?
305
Calculate the remainder when 14331 is divided by 1783.
67
What is the remainder when 23231 is divided by 11579?
73
Calculate the remainder when 26048 is divided by 8677.
17
Calculate the remainder when 3501 is divided by 439.
428
Calculate the remainder when 2031 is divided by 14.
1
Calculate the remainder when 924 is divided by 12.
0
Calculate the remainder when 38805 is divided by 19401.
3
Calculate the remainder when 13059 is divided by 34.
3
Calculate the remainder when 9777 is divided by 126.
75
Calculate the remainder when 30652 is divided by 438.
430
What is the remainder when 216176 is divided by 411?
401
Calculate the remainder when 48767 is divided by 1625.
17
What is the remainder when 4663 is divided by 12?
7
What is the remainder when 5114 is divided by 856?
834
What is the remainder when 10804 is divided by 1695?
634
Calculate the remainder when 386275 is divided by 1167.
1165
What is the remainder when 23918 is divided by 4?
2
Calculate the remainder when 136200 is divided by 110.
20
What is the remainder when 3021 is divided by 994?
39
What is the remainder when 5426 is divided by 96?
50
What is the remainder when 14893 is divided by 196?
193
What is the remainder when 83199 is divided by 200?
199
Calculate the remainder when 5741 is divided by 147.
8
What is the remainder when 125904 is divided by 173?
133
What is the remainder when 4812 is divided by 961?
7
What is the remainder when 887 is divided by 123?
26
What is the remainder when 32049 is divided by 6?
3
What is the remainder when 8637 is divided by 7?
6
Calculate the remainder when 58562 is divided by 53.
50
Calculate the remainder when 8118 is divided by 4020.
78
What is the remainder when 13791 is divided by 4555?
126
What is the remainder when 2758 is divided by 306?
4
Calculate the remainder when 11379 is divided by 99.
93
What is the remainder when 778979 is divided by 23?
15
What is the remainder when 432722 is divided by 5?
2
What is the remainder when 109528 is divided by 9?
7
Calculate the remainder when 2119 is divided by 910.
299
What is the remainder when 3164 is divided by 3160?
4
What is the remainder when 863039 is divided by 12?
11
Calculate the remainder when 20369 is divided by 152.
1
What is the remainder when 1849 is divided by 53?
47
Calculate the remainder when 23696 is divided by 551.
3
Calculate the remainder when 4273 is divided by 158.
7
What is the remainder when 177022 is divided by 149?
10
Calculate the remainder when 3217 is divided by 127.
42
Calculate the remainder when 61675 is divided by 77.
75
Calculate the remainder when 9160 is divided by 173.
164
What is the remainder when 132191 is divided by 2541?
59
Calculate the remainder when 12668 is divided by 3163.
16
What is the remainder when 5908 is divided by 497?
441
W